nd 4?
4
What is the highest common divisor of 12 and 31404?
12
What is the greatest common factor of 27768 and 936?
312
What is the greatest common divisor of 55 and 99?
11
What is the highest common factor of 135 and 81?
27
Calculate the highest common divisor of 1025 and 200.
25
Calculate the greatest common divisor of 172 and 12.
4
What is the highest common factor of 615 and 45?
15
Calculate the greatest common divisor of 21 and 8043.
21
Calculate the highest common factor of 99 and 5533.
11
What is the greatest common factor of 116 and 58?
58
What is the highest common divisor of 2360 and 90?
10
Calculate the greatest common divisor of 61 and 2501.
61
Calculate the highest common divisor of 405 and 90.
45
Calculate the greatest common factor of 220 and 770.
110
Calculate the greatest common factor of 242 and 1298.
22
Calculate the greatest common factor of 110 and 24365.
55
What is the greatest common factor of 52 and 164?
4
What is the greatest common factor of 1183 and 676?
169
What is the highest common factor of 63 and 231?
21
What is the highest common divisor of 432 and 264?
24
What is the highest common divisor of 3069 and 18?
9
Calculate the highest common factor of 2584 and 952.
136
What is the greatest common divisor of 80 and 410?
10
Calculate the greatest common factor of 608 and 38.
38
Calculate the highest common factor of 3942 and 146.
146
What is the highest common divisor of 210 and 60?
30
Calculate the greatest common factor of 10632 and 6.
6
Calculate the highest common factor of 56 and 196.
28
Calculate the greatest common divisor of 14 and 406.
14
What is the greatest common factor of 15 and 5?
5
Calculate the greatest common divisor of 4293 and 486.
81
Calculate the highest common factor of 238 and 49.
7
Calculate the greatest common factor of 141 and 10011.
141
Calculate the greatest common factor of 8307 and 702.
117
What is the greatest common factor of 28 and 1806?
14
Calculate the greatest common factor of 85 and 3519.
17
Calculate the greatest common factor of 4250 and 170.
170
What is the greatest common divisor of 120 and 2085?
15
What is the greatest common factor of 35 and 15?
5
What is the greatest common divisor of 10 and 3880?
10
What is the highest common divisor of 24 and 5508?
12
Calculate the greatest common factor of 25 and 85.
5
What is the greatest common factor of 75 and 228?
3
Calculate the greatest common factor of 26288 and 8.
8
Calculate the highest common factor of 36 and 2076.
12
Calculate the highest common factor of 8 and 280.
8
Calculate the highest common factor of 3025 and 2541.
121
Calculate the highest common factor of 3936 and 56.
8
What is the highest common factor of 60 and 1596?
12
What is the highest common divisor of 8 and 2748?
4
Calculate the greatest common factor of 8305 and 55.
55
What is the highest common factor of 236 and 1062?
118
What is the highest common factor of 11 and 110?
11
Calculate the highest common factor of 3762 and 180.
18
What is the greatest common divisor of 20 and 11290?
10
What is the greatest common divisor of 442 and 289?
17
Calculate the highest common factor of 1 and 1.
1
Calculate the greatest common factor of 126 and 14.
14
Calculate the highest common divisor of 5 and 125.
5
What is the highest common divisor of 829 and 1?
1
What is the greatest common divisor of 15677 and 244?
61
What is the highest common factor of 731 and 172?
43
What is the highest common factor of 104 and 819?
13
Calculate the highest common factor of 81 and 5859.
27
What is the highest common factor of 826 and 14?
14
Calculate the highest common factor of 304 and 496.
16
What is the highest common factor of 55 and 2?
1
What is the highest common factor of 1920 and 5880?
120
Calculate the greatest common divisor of 10 and 9610.
10
What is the highest common divisor of 162 and 156?
6
Calculate the highest common divisor of 28 and 11382.
14
What is the greatest common factor of 210 and 1750?
70
What is the greatest common divisor of 54 and 54?
54
What is the highest common divisor of 163 and 163?
163
Calculate the highest common divisor of 47 and 8.
1
Calculate the greatest common divisor of 1380 and 60.
60
Calculate the highest common divisor of 20 and 20.
20
What is the greatest common factor of 66 and 132?
66
What is the greatest common factor of 944 and 32?
16
What is the highest common factor of 651 and 465?
93
What is the greatest common factor of 48 and 150?
6
What is the highest common factor of 30 and 1810?
10
What is the highest common divisor of 6 and 438?
6
Calculate the greatest common divisor of 84 and 826.
14
What is the highest common divisor of 60 and 4260?
60
What is the highest common factor of 62 and 1984?
62
Calculate the highest common divisor of 3156 and 36.
12
What is the highest common divisor of 71 and 44801?
71
Calculate the highest common divisor of 1235 and 95.
95
What is the greatest common factor of 40 and 16340?
20
What is the highest common factor of 1067 and 55?
11
Calculate the highest common factor of 1178 and 38.
38
What is the highest common divisor of 1612 and 416?
52
What is the greatest common factor of 20928 and 12?
12
What is the greatest common factor of 16 and 38896?
16
What is the highest common divisor of 4465 and 95?
95
What is the greatest common divisor of 780 and 18?
6
Calculate the greatest common divisor of 30 and 16690.
10
What is the greatest common divisor of 855 and 7866?
171
Calculate the greatest common divisor of 994 and 154.
14
What is the greatest common factor of 2016 and 1056?
96
Calculate the greatest common divisor of 216 and 4584.
24
Calculate the greatest common factor of 5 and 173.
1
What is the greatest common divisor of 81 and 3?
3
What is the greatest common divisor of 352 and 33?
11
What is the greatest common factor of 525 and 273?
21
What is the greatest common divisor of 74 and 74?
74
Calculate the greatest common factor of 2356 and 95.
19
What is the highest common factor of 106 and 583?
53
What is the highest common factor of 45 and 75?
15
Calculate the highest common factor of 3025 and 125.
25
What is the highest common divisor of 11 and 275?
11
What is the highest common factor of 6 and 33?
3
Calculate the highest common factor of 8526 and 24.
6
What is the greatest common divisor of 17018 and 134?
134
Calculate the greatest common factor of 129 and 9417.
129
Calculate the highest common divisor of 112 and 287.
7
Calculate the greatest common divisor of 1342 and 132.
22
What is the highest common factor of 560 and 80?
80
What is the greatest common divisor of 49 and 7?
7
What is the highest common divisor of 329 and 188?
47
What is the highest common divisor of 637 and 13?
13
What is the greatest common divisor of 5 and 8?
1
Calculate the greatest common factor of 468 and 396.
36
Calculate the greatest common divisor of 1173 and 69.
69
What is the highest common divisor of 336 and 10416?
336
Calculate the highest common divisor of 162 and 594.
54
Calculate the highest common factor of 1441 and 77.
11
What is the greatest common divisor of 168 and 8?
8
Calculate the highest common divisor of 16 and 18.
2
Calculate the highest common divisor of 13 and 3.
1
What is the highest common divisor of 96 and 24352?
32
What is the greatest common factor of 16391 and 37?
37
Calculate the highest common factor of 40 and 110.
10
Calculate the highest common factor of 7 and 28.
7
Calculate the greatest common factor of 2937 and 66.
33
Calculate the highest common factor of 85 and 272.
17
Calculate the highest common factor of 4 and 208.
4
Calculate the highest common factor of 11439 and 3627.
279
What is the highest common factor of 1040 and 16?
16
What is the highest common divisor of 1944 and 378?
54
Calculate the highest common factor of 68 and 12.
4
Calculate the greatest common factor of 416 and 2704.
208
What is the greatest common factor of 390 and 650?
130
What is the highest common divisor of 413 and 11682?
59
What is the greatest common divisor of 8651 and 41?
41
Calculate the highest common divisor of 85 and 13379.
17
What is the greatest common factor of 3 and 199?
1
What is the greatest common factor of 39 and 12?
3
Calculate the greatest common factor of 12 and 188.
4
Calculate the greatest 